06245 and 1241305?
7345
Calculate the greatest common factor of 1947 and 980108.
59
Calculate the greatest common divisor of 30701701 and 13623.
4541
Calculate the greatest common factor of 312432 and 6480.
48
Calculate the highest common factor of 2 and 2741254.
2
Calculate the highest common factor of 253997414 and 31614.
10538
What is the greatest common divisor of 265014 and 18?
18
What is the greatest common divisor of 92511545 and 4585?
4585
What is the greatest common factor of 17095 and 4589?
13
What is the greatest common factor of 190272 and 261384?
24
Calculate the highest common divisor of 42663 and 9.
3
Calculate the highest common divisor of 564 and 4121808.
12
What is the highest common divisor of 122318930 and 20?
10
Calculate the greatest common divisor of 161000 and 1624168.
1288
What is the highest common factor of 11959042 and 1959?
653
What is the greatest common divisor of 6566 and 1142476496?
938
What is the highest common factor of 6019332 and 496?
124
What is the highest common divisor of 749900 and 4650?
50
What is the greatest common factor of 790330 and 6800?
170
What is the highest common factor of 4770464 and 1184?
32
What is the greatest common factor of 197681 and 1749?
11
What is the highest common divisor of 25112275 and 20120?
2515
What is the greatest common factor of 141718663 and 3496?
437
What is the greatest common factor of 15602 and 5716250?
538
What is the highest common divisor of 169388 and 2106220?
212
Calculate the highest common factor of 89 and 10519889.
89
Calculate the highest common factor of 123 and 514202279.
41
Calculate the highest common divisor of 1461356 and 179179.
2327
What is the greatest common factor of 1713 and 45455597?
571
What is the highest common divisor of 1224 and 8682648?
408
What is the highest common factor of 2911872 and 30?
6
Calculate the highest common factor of 81046793 and 29.
29
Calculate the greatest common factor of 596 and 12149758.
298
What is the greatest common factor of 65 and 13040183?
13
What is the highest common divisor of 1033272 and 60?
12
What is the greatest common divisor of 54584491 and 26?
13
What is the highest common factor of 3421551 and 1332829?
2671
What is the highest common divisor of 5796 and 49021182?
126
What is the highest common factor of 2450 and 18455990?
70
What is the highest common factor of 84279 and 1158?
3
What is the greatest common factor of 4872665 and 148120?
805
Calculate the greatest common divisor of 32949 and 28251937.
3661
Calculate the highest common divisor of 317527 and 1281.
7
What is the highest common factor of 766460 and 188?
4
Calculate the highest common divisor of 3256615775 and 7.
7
What is the highest common factor of 8340233 and 22?
11
What is the highest common divisor of 1663647 and 29100?
291
Calculate the highest common factor of 1042393 and 297055.
5401
What is the greatest common divisor of 708496 and 182?
2
Calculate the greatest common factor of 1321155011 and 5302.
2651
What is the highest common factor of 469120924 and 8?
4
What is the greatest common factor of 246 and 184494834?
246
What is the highest common divisor of 320 and 1141570?
10
What is the highest common factor of 480024 and 8362?
226
Calculate the highest common factor of 28920 and 74897016.
5784
Calculate the greatest common divisor of 3322 and 8539201.
1661
Calculate the highest common divisor of 28875 and 12595.
55
Calculate the greatest common divisor of 264948 and 36732.
12
Calculate the highest common factor of 798 and 2041018.
266
Calculate the greatest common factor of 44999 and 3519.
17
Calculate the greatest common factor of 1256344 and 288.
8
What is the greatest common divisor of 65675670 and 155?
155
What is the highest common divisor of 89819658 and 216?
54
What is the greatest common factor of 13618332 and 4?
4
Calculate the highest common divisor of 1031653448 and 2744.
2744
Calculate the highest common factor of 14587554 and 2337.
2337
Calculate the greatest common factor of 8300139 and 24.
3
What is the highest common divisor of 391273 and 37?
1
What is the greatest common factor of 516305 and 54095?
155
What is the highest common factor of 94206 and 36022?
14
Calculate the highest common factor of 3427 and 3707269.
149
What is the greatest common divisor of 45405610 and 4146?
1382
Calculate the highest common divisor of 208 and 9707230.
26
Calculate the highest common factor of 325 and 1496600.
25
Calculate the greatest common factor of 40198158 and 1449.
1449
Calculate the highest common divisor of 602190 and 540.
90
Calculate the highest common divisor of 34977 and 2191803.
267
Calculate the greatest common factor of 76076949 and 39.
39
What is the highest common divisor of 24 and 37686522?
6
What is the greatest common factor of 15830 and 55390?
10
Calculate the greatest common factor of 32120 and 100596920.
2920
What is the greatest common factor of 21857 and 5629171?
1987
What is the highest common divisor of 8949 and 584763?
57
What is the greatest common divisor of 45059 and 26978?
287
What is the greatest common divisor of 518066 and 2?
2
Calculate the highest common divisor of 119 and 1223999.
7
Calculate the highest common factor of 974404 and 1127906.
6674
Calculate the greatest common divisor of 4524 and 149892.
12
What is the greatest common factor of 112980 and 2970836?
1076
Calculate the greatest common divisor of 201 and 161387657.
67
What is the highest common divisor of 1470300 and 2700?
300
What is the greatest common divisor of 242 and 31703089?
121
What is the highest common factor of 21074 and 90692?
82
Calculate the greatest common divisor of 44 and 534742.
2
What is the highest common factor of 1420 and 295234330?
710
What is the highest common factor of 40492426 and 962?
26
Calculate the greatest common factor of 359746 and 23071079.
9467
Calculate the greatest common divisor of 4717 and 836511.
89
What is the highest common factor of 1975925 and 87102?
1613
Calculate the highest common divisor of 1405454 and 212.
106
Calculate the greatest common factor of 5174 and 148237687.
2587
What is the greatest common factor of 7253235 and 18810?
495
What is the greatest common divisor of 17647 and 312931730?
2521
Calculate the greatest common divisor of 467 and 58464664.
467
What is the greatest common factor of 61 and 2536014?
61
Calculate the highest common factor of 28691432 and 517.
517
Calculate the highest common factor of 210520992 and 5984.
352
What is the greatest common divisor of 583245565 and 133?
133
Calculate the greatest common factor of 466 and 64375337.
233
Calculate the highest common divisor of 2367635 and 65.
5
What is the highest common factor of 2163046 and 85?
17
Calculate the greatest common divisor of 1172 and 442.
2
What is the greatest common factor of 305329200 and 10?
10
Calculate the greatest common factor of 286402 and 185298.
178
Calculate the greatest common divisor of 1086978612 and 12.
12
What is the greatest common divisor of 98 and 11741674?
98
Calculate the greatest common factor of 101038 and 784.
98
Calculate the greatest common divisor of 264 and 21523458.
66
Calculate the highest common factor of 26 and 7131865.
13
What is the highest common divisor of 438 and 30922946?
146
What is the greatest common divisor of 341 and 4366153?
11
Calculate the highest common divisor of 35820 and 332927.
199
Calculate the highest common divisor of 5972 and 42384777.
1493
Calculate the greatest common divisor of 2242730 and 13846.
322
What is the greatest common factor of 76716 and 141420?
12
Calculate the highest common divisor of 17443767 and 58007.
817
What is the greatest common divisor of 23740 and 38088?
4
What is the greatest common divisor of 1230 and 52794060?
1230
Calculate the highest common factor of 281 and 39323.
1
What is the highest common divisor of 72447 and 91061?
41
Calculate the highest common factor of 323674010 and 139.
139
Calculate the greatest common factor of 26145 and 5373171.
747
What is the highest common factor of 369124955 and 3981?
1327
Calculate the greatest common divisor of 9397168 and 92448.
1712
What is the greatest common divisor of 1407 and 227521?
7
What is the greatest common factor of 8611 and 224867?
109
Calculate the grea